) is divided by 175?
14
Let a be 7 + (4 - 3 - 3). Let k = -6 + a. Calculate the remainder when (-1)/(k/172*2) is divided by 22.
20
Let c(o) = 3*o + 6. Let j(w) = 7*w + 11. Let y(z) = 9*c(z) - 4*j(z). Calculate the remainder when 4 is divided by y(9).
0
What is the remainder when 198 is divided by (-1359)/(-24) - (-10 + (-231)/(-24))?
27
Suppose 4*c = -4*g - 8, 0 = 4*g + 5*c - 8 + 21. Suppose 5*i + 1 = -4*l + 3, 3*l + 3*i - g = 0. Calculate the remainder when 9 is divided by l.
0
Let c = 1 + 2. Let i = 81 + -54. What is the remainder when i is divided by (-20)/(-5 + c) + 0?
7
Suppose -3*z - 126 = -10*z. What is the remainder when 59 is divided by z?
5
Let k(h) = -h**3 - 6*h**2 + 4. Let r be k(-6). Suppose -118 = -2*p + 3*v, 3*p - 177 = -r*v - 0*v. What is the remainder when p is divided by 10?
9
What is the remainder when 147 is divided by ((-4)/((-24)/207))/(6/12)?
9
Suppose 2*q - 16 = -2*q. Let m be (-7)/28 + 1/4. Suppose m = -5*s + 2*v + 40, 3*s + 2*v - 10 = -2. Calculate the remainder when s is divided by q.
2
Let a(v) = -v + 1. Let b(m) = -m**2 + 14*m + 79. Let x(t) = 4*a(t) - b(t). Calculate the remainder when 44 is divided by x(22).
5
Let h(y) = 4*y**2 - 4*y - 2. Let p(j) = -5*j**2 + 3*j + 3. Let i(k) = 4*h(k) + 3*p(k). Calculate the remainder when 3 is divided by i(7).
0
Suppose 0 = 5*g - 4*g - 35. Let x = 69 - g. What is the remainder when x is divided by 9?
7
Suppose -285*a - 65 = -290*a. What is the remainder when ((-6)/2)/(6/(-100)) is divided by a?
11
Let q(m) = 3*m + 288. Calculate the remainder when q(-22) is divided by 28.
26
Suppose -27*s + 32*s = 20. Calculate the remainder when 541/s - 55/44 is divided by 17.
15
Let y(j) = 5*j**2 - 13*j - 26. Let d(l) = -4*l**2 + 14*l + 25. Let f(k) = -6*d(k) - 5*y(k). Calculate the remainder when 68 is divided by f(-17).
12
Suppose 18 = -0*z + 9*z. Suppose 2*d = -0*h + z*h - 86, 5*d + 27 = h. What is the remainder when h is divided by 12?
11
Suppose 0 = -5*h + 4*h + 181. What is the remainder when h is divided by (-1112)/(-24) + (-1)/3?
43
Let l = -51 + 63. What is the remainder when (-3)/(l/(-28))*12/7 is divided by 5?
2
Suppose 2480 = -155*g + 165*g. What is the remainder when g is divided by 83?
82
Suppose -4*q = 6*g - 2*g - 96, 0 = 5*g + 4*q - 125. Let s = g + -22. Suppose -a + s - 2 = 2*o, -3*a = 3*o - 18. What is the remainder when 13 is divided by a?
6
Suppose 4*k - 21 = 31. What is the remainder when 60 is divided by k?
8
Suppose o + 4*d = -27, d - 12 = 2*o + 24. Let s = o - -23. Suppose -n - s = -18. Calculate the remainder when 54 is divided by n.
12
Let j = 502 + -426. Calculate the remainder when j is divided by 28.
20
Suppose 2*q - h = 0, 3*q - 5*h - 7 = -21. Suppose q*p = -3*p + 25. Suppose 2*a - p = a. What is the remainder when 8 is divided by a?
3
Let v(z) = 2*z**2 + 34*z + 186. Calculate the remainder when v(-18) is divided by 28.
26
Let b = -36 + 53. Let t = 236 - 205. What is the remainder when t is divided by b?
14
Let r be ((-3)/(-2) + 11 + -12)*10. Let m(n) be the third derivative of -n**5/60 + n**4/4 - n**3/6 + 3*n**2. Calculate the remainder when 5 is divided by m(r).
1
What is the remainder when -6 + 7664/5 + 12/60 is divided by 45?
42
Suppose -3*x - 12 = -2*g + 163, 3*g - 2*x = 260. Calculate the remainder when g is divided by 6.
2
Let y(n) = -4*n**2 - 2*n + 4. Let l be y(-3). Let z = 2 - -35. Calculate the remainder when z is divided by l*(-2)/8*2.
11
Suppose 116*c - 930 = 101*c. What is the remainder when c is divided by 22?
18
Let h(w) = -4*w + 26. Let g be h(11). Suppose 2*t = b - 1 - 21, t + 20 = -4*b. What is the remainder when t/(2 + g/8) is divided by 17?
14
Suppose 0 = -5*h + 5*q + 140, 28*q + 12 = h + 23*q. What is the remainder when 143 is divided by h?
15
Suppose -3*l - 2*v = -6*v - 981, 4*l = -2*v + 1308. What is the remainder when l is divided by 55?
52
Let s = -208 + 228. What is the remainder when 91 is divided by s?
11
Let q(b) = -8*b**2 + 3*b - 3. Let s be q(-3). Calculate the remainder when (s/16)/7*-4 is divided by 3.
0
Let u(c) = c**2 + 41*c + 105. Let x(z) = 5*z - 8. Calculate the remainder when u(-40) is divided by x(6).
21
Let p(a) = 6*a + 17. What is the remainder when p(20) is divided by 37?
26
Let g = -208 + 229. Calculate the remainder when 6/(-9) + (-370)/(-6) is divided by g.
19
Let h(l) = -2*l**3 - 34*l**2 + 74*l - 24. Suppose 4*m = 178 + 98. What is the remainder when m is divided by h(-19)?
13
Suppose 7*l - 382 = 283. Calculate the remainder when l is divided by 43.
9
Let j(i) = 2*i**3 - 3*i**2 + 7*i - 10. Let h be j(3). Let q = h - 17. Suppose 0 = 4*y - 33 + 1. What is the remainder when q is divided by y?
5
Suppose 0*u + 204 = 3*u. Suppose 17*q - 22*q - 240 = 0. Let f = u + q. What is the remainder when 57 is divided by f?
17
Let b = -2 + 10. Suppose -4*v + 6*v = 2*y + 2, 0 = y - 4*v + 4. Calculate the remainder when y - (-19 + (-6 - -2)) is divided by b.
7
Let c(a) = -2*a**3 - 6*a**2 - 4*a + 4. What is the remainder when 24 is divided by c(-3)?
8
Let l(r) = -r**2 + 7*r + 6. Suppose 753*i = 689*i + 7424. What is the remainder when i is divided by l(6)?
8
Calculate the remainder when 82 is divided by 93/3 + 0/(-5).
20
Suppose -3*h + 7 = -4*f - f, 15 = -5*f - 5*h. What is the remainder when f*4/(40/(-15)) is divided by 1?
0
Let x be 0 - (1 - 15/5). Calculate the remainder when (-70)/x*(-11 - -9) is divided by 12.
10
Suppose 2*r = 5*r + 2*i - 1267, -2*r + 3*i = -849. Calculate the remainder when r is divided by 17.
15
Suppose q = 4, -7*n + q + 396 = -2*n. What is the remainder when n is divided by 25?
5
Let l = -183 + 194. Calculate the remainder when 117 is divided by l.
7
Suppose -8*w - 491 - 485 = 0. Let l = w + 137. What is the remainder when 72 is divided by l?
12
Suppose -y + 3*x + 82 = 0, -5*y = -2*y + 4*x - 220. Calculate the remainder when y is divided by 11.
10
Let z = -7 + 7. Suppose 2*o + o + 5*n - 31 = 0, 3*o - n - 1 = z. Let q = 7 + -2. What is the remainder when q is divided by o?
1
Let p = -8 - 26. Let g = -23 - p. Calculate the remainder when 42 is divided by g.
9
Suppose -12*m - 24 = -20*m. Suppose -4*q + 2*g = -74, 0*q - m*g = 2*q - 17. What is the remainder when ((-63)/2)/((-1)/2) is divided by q?
15
Suppose 8*t + 3 - 3 = 0. Suppose -p - j + 4 = t, j = -j. Calculate the remainder when 6 is divided by p.
2
Let i = 28 + -19. Suppose 3*o + i = 3*q, -3*q - 2*o + 9 = -0*q. What is the remainder when 9 is divided by q?
0
Let d = -568 + 591. What is the remainder when 131 is divided by d?
16
Let z be 3/(-4) - (-969)/76. Suppose 2*p + 5*r = 87, z*r - 10*r = -2*p + 72. Calculate the remainder when 308 is divided by p.
29
Suppose 5*m = -10, -259*m = 5*u - 262*m - 81. Calculate the remainder when 104 is divided by u.
14
Suppose 10*z + 32 = 102. Calculate the remainder when 18 is divided by z.
4
Let n = -232 + 278. Calculate the remainder when 89 is divided by n.
43
Suppose -51*z + u = -50*z - 17, -2*u + 29 = z. Let f be 2 - (-1 - -2 - -3). Let y = 63 + f. What is the remainder when y is divided by z?
19
Let z = -346 - -421. What is the remainder when z is divided by 23?
6
Let d(m) = 20*m + 210. Let a be d(-9). Suppose -3*u + 0*u = 63. Let i = u + a. Calculate the remainder when 24 is divided by i.
6
Calculate the remainder when (2/(-4))/((-1)/50) is divided by (-9)/2*12/(-10) - (-154)/(-385).
0
Let d = 12 - -10. Calculate the remainder when 76 is divided by (-864)/(-33) + (-4)/d.
24
Suppose -3*d = -s + 22, 5*s + 17 - 127 = 4*d. Calculate the remainder when s is divided by 238/28 + (-1)/2.
6
Let p(t) = t**2 + 12*t + 37. Suppose -4*y + 274 = 94. What is the remainder when y is divided by p(-3)?
5
Let x(r) = -r**3 - 22*r**2 - 21*r + 14. Let i be x(-21). Suppose -h - i*h + 1440 = 0. What is the remainder when h is divided by 22?
8
Let i be ((-4)/(-18) - (-2)/(-9))/(-2). Suppose -6*p - 2*p + 336 = i. What is the remainder when p is divided by 20?
2
Let p(q) = 3*q**3 - 39*q**2 + 3*q - 3. Calculate the remainder when 69 is divided by p(13).
33
Let h(o) = -49*o - 1. Let f be h(-2). Let x = f - 66. Suppose -b = -3*g + 173, -8*b = -3*g - 3*b + 157. What is the remainder when g is divided by x?
28
Let v(p) = 5*p**3 + p**2 + 2*p - 3. Let z(a) = 20*a**2 - a + 2. Calculate the remainder when v(2) is divided by z(-1).
22
Let r = 7 - 9